the remainder when d is divided by 15*(-1)/(-1) - 1.
5
Calculate the remainder when 555 is divided by (35 + -3 + 2)/(-30 + 31).
11
Let m(x) = x**2 - 105*x + 2754. Calculate the remainder when 4789 is divided by m(49).
9
Calculate the remainder when 1018 is divided by (-54)/180 + (-2478)/(-60).
34
Let i(b) = 57*b**3 - b**2 + 15*b - 24. Let s be i(2). Let f = s - 413. Calculate the remainder when f is divided by 31.
14
Let v = -512 - -515. What is the remainder when 94/3 + 2 - v/9 is divided by 3/3*12 - 0?
9
Let v(i) = 3*i**3 + 26*i**2 - 129*i - 11. What is the remainder when v(11) is divided by 68?
65
Let w be 10/(1/((-2)/(-4))). Let x be (2 - w)*(-4)/3. Suppose -o + 2*t = -2*t - 151, x*t = -16. Calculate the remainder when o is divided by 17.
16
Suppose -14 = -4*b + 94. Let g(s) = -2*s**2 - 54*s + 62. Let i be g(-28). Let h = b - i. What is the remainder when h is divided by 8?
5
Let i(d) be the first derivative of -3*d**2/2 - 17*d + 3. Suppose -3*v - t - 26 = 0, -36 = 4*v + t - 3. What is the remainder when 15 is divided by i(v)?
3
Let x = 15519 - 15234. What is the remainder when x is divided by 74?
63
Suppose 1296 = -13*l - 1096. Let g = 195 + l. What is the remainder when 48 is divided by g?
4
Suppose 9*o = 11*o - 2. What is the remainder when 85 is divided by ((-88)/12)/(o - 5/3)?
8
Let t(s) = -190*s - 706. Calculate the remainder when t(-4) is divided by 26 + 1 - (2 + -4).
25
Suppose 2266 + 2245 - 1846 = 65*m. Calculate the remainder when 14676 is divided by m.
39
Suppose -2*j - 3 = -7. Suppose 67*a + 66*a + 186 = 127*a. Let i = j - a. What is the remainder when i is divided by 9?
6
Let n = 1374 + -1351. Calculate the remainder when 9314 is divided by n.
22
Calculate the remainder when 446 is divided by (21/126*316)/(3/(18/4)).
51
Let c be (-1328)/(-12) + 4 + 24/18. Suppose 2*m - 5*s = -154, -m + 0*m + s = 74. Let x = c + m. What is the remainder when x is divided by 16?
12
Let k(s) = -9*s - 16. Suppose 4*a - 7 = -n + 9*a, 15 = -3*n - 3*a. Calculate the remainder when 55 is divided by k(n).
0
Let p = -185 + 298. Let q = -104 - -176. Suppose -5*z + 2*y = -101, q = 2*z + z - 5*y. Calculate the remainder when p is divided by z.
18
Suppose -38914*s + 38936*s - 220 = 0. Let n(j) = -86*j - 1. What is the remainder when n(-3) is divided by s?
7
Let j(h) = -h**2 - 16*h - 46. Let s be j(-4). Suppose s*r + 3*r = -3*a + 144, r = -3. Calculate the remainder when 78 is divided by a.
25
Suppose -4*b - 2*n = -39 - 41, -3*b = -4*n - 38. Suppose 91 = b*k + 1. Calculate the remainder when 21 is divided by k.
1
Calculate the remainder when 3025 is divided by (-79 + -5)*(-1488)/124.
1
Calculate the remainder when 1894 is divided by (24450/(-2934))/((10/(-3))/2).
4
Let z be (-4)/(-8) + (-231)/6. Let j(y) = -88*y - 353. Let u be j(-4). What is the remainder when 284 is divided by u/((7/(-14))/(z/(-4)))?
18
Let i = 1055 - 1055. Suppose i = -2*h - 4*x + 26, 7*h - 5*h = 4*x + 26. What is the remainder when 321 is divided by h?
9
Suppose -26296 = -37*y - 180*y + 179854. Calculate the remainder when y is divided by 158.
2
Let c = -75 + 75. Let d be (11 - -1) + (0 - c - 0). Let q = d - 7. What is the remainder when 17 is divided by q?
2
Let n = 402 - 259. Suppose 0 = 282*c - 4393 + 2419. What is the remainder when n is divided by c?
3
Let u be (-2)/13 + (-7 - 264/(-26)). What is the remainder when 16 + 6/(-3)*u is divided by 8?
2
Suppose 119*g - 111*g = 416. Let w(f) be the second derivative of f**3 - 2*f**2 - f. What is the remainder when g is divided by w(3)?
10
Suppose 356166 = 95*n + 224*n + 81188. Calculate the remainder when n is divided by 24.
22
Suppose 5*p - 295 = s, -3*s = 3*p + s - 154. What is the remainder when p is divided by -4 + 28/56*28?
8
Suppose -86*l + 4052 = 3310 - 21102. What is the remainder when l is divided by 51?
50
Let s be 28/(-35)*105/6. What is the remainder when (-592)/10*35/s is divided by 78?
70
Suppose c + c = -3*h + 44, -69 = -3*c - 3*h. Suppose -5*v - 3*p + 585 = -8*p, 0 = 5*p - 10. Calculate the remainder when v is divided by c.
19
Suppose -53 - 69 = 3*v - 5*v. Calculate the remainder when 360 is divided by v.
55
Let m(q) = -2*q**3 - 20*q**2 - 3*q - 30. Let d be m(-10). Suppose -12 = -3*w - v - 0*v, 5*v = d. What is the remainder when 11 is divided by w?
3
Let d = 4998 - 4103. What is the remainder when d is divided by 60?
55
Suppose -100*m = -234*m + 280194. Calculate the remainder when m is divided by 100.
91
Let d(q) = q + 1. Let r be d(4). Suppose -r*w - 76 + 651 = 5*n, -2*n - 130 = -w. What is the remainder when w is divided by 41?
38
Suppose 5*q - 32*q + 569 = 218. Calculate the remainder when 2519 is divided by q.
10
Suppose -3358 = -185*y + 39*y. What is the remainder when 959 is divided by y?
16
Let z = -9 + 18. Suppose -t = -42 - z. Let y(g) = g**3 - 27*g**2 + 175*g + 8. Calculate the remainder when y(7) is divided by t.
49
Calculate the remainder when 3096 is divided by 13 - -9 - 308/(-28).
27
Let p(c) = -9*c + 344. Calculate the remainder when p(18) is divided by (37 - 10/2) + (0 - 1).
27
Suppose -5*n - n = -2*n. Suppose -8 = -4*i - n*i. Suppose -4*z = q - 694 + 97, -286 = -2*z + i*q. Calculate the remainder when z is divided by 30.
28
Let x(p) = -p**2 - 7*p + 84. Let l(g) = -15*g**2 + 2*g. Let m be l(1). Calculate the remainder when 345 is divided by x(m).
3
Suppose 0 = -2*m - 0*m + 4*h + 228, h = 3. Let q = m + -62. Suppose -22310*y - 97 - 155 = -22331*y. What is the remainder when q is divided by y?
10
Let n(g) = -3*g**3 - 10*g**2 + 73*g + 331. Calculate the remainder when n(-5) is divided by 46.
45
Suppose k + 83*z - 97 = 84*z, -k - 3*z + 73 = 0. Let b be ((-24)/9)/(1/6). Let r = 47 + b. Calculate the remainder when k is divided by r.
29
Let g be (58 + -3 - 2*-1)*-1. Let o = g - -75. Let k(r) = -r**3 + 18*r**2 + 5*r - 40. What is the remainder when k(o) is divided by 13?
11
Calculate the remainder when (10/8*(-6)/45)/((-82)/672564) is divided by 9.
8
Suppose 10*j - 7*j = 18. Suppose -j*s + 17*s - 9636 = 0. Suppose 13*m - s = m. Calculate the remainder when m is divided by 19.
16
What is the remainder when (-742)/1855 + 85994/10 is divided by 172?
171
Let t(y) = -y + 16. Let g(m) = 2*m - 34. Let u(z) = 4*g(z) + 9*t(z). Calculate the remainder when 227 is divided by u(-4).
11
Let c = -48 + 151. Let g = -211 + c. Let p = -84 - g. What is the remainder when 65 is divided by p?
17
Let d = 55 + -50. Let z be (10 - 10) + (-1 - d). Calculate the remainder when 3*4/z*-28 is divided by 19.
18
Suppose 5*l = 3*y - 215, 2*y + 7*l - 2*l - 210 = 0. Calculate the remainder when 199 is divided by y.
29
Suppose -4*j + 85 = t - 28, -361 = -3*t - j. What is the remainder when t is divided by ((-30)/12)/((-10)/(-65))*-4?
56
Suppose -1265 - 4 = -25*f - 2*f. What is the remainder when 2300 is divided by f?
44
Let r = -11213 + 14371. Calculate the remainder when r is divided by 631.
3
Let l(a) = 2*a**2 - 19*a + 15. What is the remainder when 16243/222 + 0 + (-1)/6 is divided by l(10)?
23
Suppose -12*m + 9820 = -2*m. Let q = m - 958. What is the remainder when 38 is divided by q?
14
Let s be 7/5 - ((-28)/5 - -5). Suppose 5*x + 5*n = 590, 4*x - s*n + 476 = 8*x. Calculate the remainder when x is divided by 16.
8
Let h(v) = -v**3 - 5*v**2 + 2. Let g be h(-4). Let n = 20 + g. Suppose 153 = 5*l - 47. What is the remainder when l is divided by n?
4
Suppose 27224 - 26132 = 42*o. Suppose -48 = r + 23. Let t = r - -118. Calculate the remainder when t is divided by o.
21
Let z = -3448 - -4069. What is the remainder when z is divided by 87?
12
Suppose -5*o - 3*n = -234, -49*o + 54*o = -n + 228. Calculate the remainder when 2153 is divided by o.
38
Let f(b) = b**3 + 32*b**2 + 108*b - 96. Suppose -t + 0*t + 21 = 0. What is the remainder when t is divided by f(-28)?
5
Let h(l) = -69*l**3 - 11*l**2 - 13*l - 15. Let k be h(-11). What is the remainder when 2/(-13) + k/338 is divided by 15?
13
Suppose 338 + 222 = 14*n. Suppose 16 - n = -2*x. What is the remainder when 179 is divided by x?
11
Suppose 2*j + 4*o = 2*o + 22, 22 = 2*j - o. Let y(t) = 7*t + 19. Let u be y(-12). Let l = u + 84. What is the remainder when l is divided by j?
8
Let h(g) = -g**3 + 11*g**2 + 11*g + 13. Suppose -13*y - 36 = -16*y. Let r be h(y). Calculate the remainder when ((-30